(x). What is the hundreds digit of a(3)?
1
Suppose 5*v - 120 = 1000. Let u = -97 + v. Suppose -2*j + u = 4*o + o, -5*j = -3*o + 70. What is the units digit of o?
5
Let n(x) be the third derivative of 107*x**6/120 - x**5/60 + x**4/12 - x**3/6 + 9*x**2. What is the tens digit of n(1)?
0
Suppose -3*a - 9*a = -15468. What is the tens digit of a?
8
Let h be 1/4*184/2. Suppose 5*y = h - 3. What is the tens digit of (-6 - 16)/((-2)/y)?
4
Let d(y) = -79*y - 2. Let q be d(-1). Suppose -4*m - 92 = -4*w, -w + m = 2*w - q. Let i = w + 10. What is the units digit of i?
7
Let r(b) be the first derivative of b**4/4 + 3*b**3 + b**2 - 5*b + 8. What is the tens digit of r(-4)?
6
Let a(y) = -2*y - 2. Let v be a(9). Let b = -16 - v. Suppose -b*g + 4*o = -24, 2*g + o = -o. What is the units digit of g?
3
Let p(q) = q**2 - 16*q - 14. Suppose -o - 56 = -4*w, -5*w + 95 = -2*o + 25. Let i be p(w). Let g = -23 - i. What is the units digit of g?
9
Let m(c) = -c**2 + 6*c - 2. Let x(t) = -2*t**2 + 12*t - 5. Let g(p) = 7*m(p) - 3*x(p). Let j be g(5). Suppose 5 = y - j. What is the tens digit of y?
1
Let a(s) = 8 - 818*s + 8 + 817*s + 14. Suppose 2*i = 3*i. What is the tens digit of a(i)?
3
What is the tens digit of 6/(-1)*79/(-2)?
3
Suppose -3*l - 4*p = -801, 0*l = 2*l - 3*p - 551. What is the units digit of l?
1
Let u = 412 - -43. What is the hundreds digit of u?
4
Let f be 63/27 + 2/3. Suppose -8*y = -5*v - 3*y + 10, -f*y = -3. What is the units digit of (1/2)/(v/30)?
5
What is the tens digit of 1/(-22)*-2 + 458880/440?
4
Let l be (-5048)/(-26) - (-8)/(-52). Suppose -3*d = 2*o - l, -2*d + 104 = -0*d - 5*o. Let h = -2 + d. What is the tens digit of h?
6
Let v = -5143 + 7546. What is the tens digit of v?
0
Suppose 24*p = 40*p - 7536. What is the tens digit of p?
7
Suppose 20 + 1 = 3*i. Let n(j) be the second derivative of j**5/20 - 7*j**4/12 - j**3/6 + 8*j**2 + 14*j. What is the units digit of n(i)?
9
What is the tens digit of (-54 - -1)*(-22 - (4 - 4))?
6
Let d(r) = 2*r - 46. Let p be d(24). Suppose p*m + 112 = 2*z, -m + 5*m = 2*z - 114. What is the units digit of z?
5
Let f(p) = p**3 + 11*p**2 + 6*p. Let r be f(-4). Let s be 18/(3/30*-3). Let x = r + s. What is the tens digit of x?
2
Let y(g) = -55*g - 56. What is the units digit of y(-8)?
4
Suppose -6*z + 12 = -2*z. Suppose -10 = -5*s, -z*r - s + 76 = s. What is the tens digit of r?
2
Let q = 8 - 26. Let u = q + 24. What is the units digit of u?
6
Suppose 10*n - 79 - 11 = 0. Suppose 0 = 3*s + n, -411 = w - 5*w + 5*s. What is the units digit of w?
9
Let r be (-3 - -3)*1*-1. What is the tens digit of (r + 20)*(-18)/(-9)?
4
Let q = 37 + -37. Suppose -192 = -5*c + 3*c + 3*z, -c + 3*z + 93 = q. What is the tens digit of c?
9
Let j(m) be the third derivative of 5/6*m**3 + 8*m**2 + 0 + 0*m + 1/12*m**4. What is the units digit of j(6)?
7
Let t(v) = -v**2 + v - 1. Suppose -2 = g - 3*g. Let x(q) = -23*q**3 + 6*q**2 - 3*q + 6. Let o(k) = g*x(k) + 5*t(k). What is the tens digit of o(-1)?
2
Let a be 11/(-22)*(-10)/1. Suppose -38 = -4*f + 2*r, a*f = -0*r + 4*r + 43. Let d = 1 + f. What is the units digit of d?
2
Let a = 5 + 394. What is the hundreds digit of a?
3
Suppose -4*h = q + 16, 0 = -q - q - 3*h - 7. What is the units digit of (-2)/q*79*-4?
8
Let i(d) = -188*d + 260. What is the thousands digit of i(-8)?
1
Suppose 32 = y + y. Suppose -3*j + 62 = -y. What is the units digit of j?
6
Suppose 5*k - 525 = -4*l + 1045, 4*k - 1256 = l. What is the units digit of k?
4
Let v(g) = g**3 - 6*g**2 + 3*g + 5. Let o be v(5). Suppose 4*l - 3*r = -6 + 16, 0 = 2*l + r. What is the units digit of 280/25 + l/o?
1
Let d be ((-1224)/15)/(-4) + 2/(-5). Let o be ((-3)/(-2))/((-15)/(-460)). Suppose d = 2*p - o. What is the tens digit of p?
3
Let i(s) = s**2 + 7*s - 4. Suppose -5*f - 2*h = -4*h - 24, -4*h + 6 = -f. Let d be i(f). Suppose 3*b - 5*b = -d. What is the units digit of b?
7
Suppose -3*u = -0*u + p - 9, -14 = -2*u + 2*p. Suppose 0 = 5*v + 2*b - 464, 0 = -u*v - 2*b + b + 370. What is the units digit of v?
2
Let n = 0 + 2. Let s(p) = 21 - p + 2*p - n*p. What is the units digit of s(0)?
1
Let o(p) = 2*p - 4. Let f be o(10). Suppose -3*i - 12 = 4*g, 0*g + g + 4*i = -f. Suppose g*k = k - 6. What is the units digit of k?
6
Let x(c) be the second derivative of 5*c + 0 + 1/3*c**3 + 3*c**2. What is the tens digit of x(12)?
3
Suppose 8 = 4*a, a = -0*x - 4*x + 174. Suppose -3*z = -2*j + j + 16, 5*z = 4*j - x. What is the units digit of j?
7
Let p(q) = q**3 - 8*q**2 + 23*q + 4. Let v be p(9). Let w = 573 - v. What is the hundreds digit of w?
2
Let p = 29 + -22. Let o(g) = -g**3 + 8*g**2 - 3*g + 14. What is the units digit of o(p)?
2
Suppose 3*a - 5 + 23 = 0. Let f(j) be the second derivative of j**4/6 + 7*j**3/6 - 7*j**2/2 + 71*j. What is the tens digit of f(a)?
2
Suppose 0 = -l + 2*y + 4, -7 - 19 = -5*l + 4*y. Let s = -3 + l. Suppose -3*d - 2*o + 64 = 0, 3*d - 6*d = s*o - 60. What is the tens digit of d?
2
Let r(w) = -3*w**2 + 20*w + 13. Let y(x) = -5*x**2 + 30*x + 20. Let z(s) = 8*r(s) - 5*y(s). What is the units digit of z(-12)?
8
Let n be 8937/63 + (-1)/(-7). Suppose -2 = -2*d + 3*a + 81, 4*d - n = -2*a. What is the units digit of d?
7
What is the units digit of (-11 + 3)*18030/(-60)?
4
Suppose -10*n + 47 = -1023. What is the units digit of n?
7
What is the thousands digit of (-4)/4 + 22 + 1132?
1
Let r(h) = 3*h**2 - 10*h + 24. Let m be r(5). Suppose -2*p - 5*l + 636 = 0, -4*p - 3*l + m = -1237. What is the hundreds digit of p?
3
Let j(v) = 112*v + 26. What is the tens digit of j(11)?
5
What is the thousands digit of (-381)/(-127) - (-1 - 2743)?
2
Let m = 57 - -831. What is the units digit of m?
8
Let g = 3650 + -1712. What is the thousands digit of g?
1
Suppose 7*l - 13*l + 1422 = 0. What is the tens digit of l?
3
Suppose -o = -2*o + s + 6, 51 = 5*o + 2*s. Suppose -4*a + 54 = -3*j, 4*j - 52 = -a - 4*a. Let g = a - o. What is the units digit of g?
3
Suppose -5*x + 5*k = 6 - 31, 3*k + 15 = 2*x. Suppose 2*q + 2*q + h - 52 = 0, -4*q + 2*h + 52 = x. What is the units digit of q?
3
Let x be -44 + 0 + 1 + -4. Let z = -20 - x. Suppose -m - 2*m + z = 0. What is the units digit of m?
9
Let t = 334 - 147. What is the units digit of t?
7
Suppose -4*z = 12*z - 48. Suppose -2*n = x - z, 2*n + 0*n = -2*x. What is the units digit of n?
3
Let b be (-36)/6 + 3 - 414. Let j = -228 - b. What is the tens digit of j?
8
Let i = -16 - -11. Let g be (-144)/i*(-90)/(-9). Suppose -4*o - 88 = -g. What is the units digit of o?
0
Let g be (20/(-16))/(-1)*4. What is the tens digit of (g - 4)/((-1)/(-57))?
5
Let d(b) = -2*b + 4. Let n be d(2). What is the tens digit of ((-66)/(n - 1))/1?
6
Let n = 3758 + 402. What is the units digit of n?
0
Suppose 2*g - 10 - 4 = 0. Let y = g + 15. What is the tens digit of y?
2
Suppose -4*m + 4*c - 26 = -218, 2*c = 5*m - 228. Let s = 178 - m. What is the tens digit of s?
3
Suppose -152*p + 650 = -147*p. Let h = 113 + p. What is the units digit of h?
3
What is the hundreds digit of (-3989)/(-7) + 144/(-168)?
5
Suppose 7*b - 2 = 6*b. Suppose -12 = -4*j, j - 583 - 5290 = -b*m. What is the tens digit of (-4)/30 - m/(-75)?
3
Let i = -9 - 1. Let v be (36/i)/((-4)/70). Let s = v + -35. What is the units digit of s?
8
Let f be (-6)/4 + (-2070)/(-4). Let g be f/(-8) - (-1)/(-2). Let i = 92 + g. What is the tens digit of i?
2
Suppose 5*g + 54 = -2*s, -2 = g - 4. Let p = 36 + s. Suppose p*c - 367 = -91. What is the units digit of c?
9
Let i = 395 - 254. Let x = -22 + i. What is the units digit of x?
9
Suppose -7*p = -2*p - 20. Suppose p*g + 16 = 2*f, 5*f + 2*g - 18 = g. Suppose -45 = -f*h + 27. What is the tens digit of h?
1
Let l = -56 - -56. Suppose f - 21 = -0*r - 5*r, -4*r + 5*f + 11 = 0. Suppose l = r*a + 73 - 277. What is the units digit of a?
1
What is the tens digit of 10 + 4925 - 8/8?
3
Let o(d) = 2*d - 4. Let r be o(5). Let q(i) = -6*i - r*i - 10 - 9*i + 1. What is the tens digit of q(-2)?
3
Let d be 64/(-10) - 9/15. Let q(x) be the third derivative of x**5/60 + x**4/4 - 2*x**2. What is the units digit of q(d)?
7
Suppose 3690 = 11*n - 1491. What is the tens digit of n?
7
Let h(k) = k + 3. Let r(x) be the first derivative of x + 8. Let n(c) = 2*h(c) - 4*r(c). What is the tens digit of n(4)?
1
Let l = 17 + -14. Suppose -4 = l*g - 4*g. Let j(b) 